{"id":36305,"date":"2014-05-13T11:25:43","date_gmt":"2014-05-13T10:25:43","guid":{"rendered":"http:\/\/bancovalbu.topografia.upm.es\/?page_id=36305"},"modified":"2014-05-13T12:55:18","modified_gmt":"2014-05-13T11:55:18","slug":"teodolitos-electronicos","status":"publish","type":"page","link":"https:\/\/bancovalbu.topografia.upm.es\/?page_id=36305","title":{"rendered":"Teodolitos electr\u00f3nicos"},"content":{"rendered":"<p>Teodolitos con limbos electr\u00f3nicos y lectura digital en pantalla, generalmente con capacidad de registro digital en memoria electr\u00f3nica. Componente adecuado para las estaciones totales modulares.<\/p>\nngg_shortcode_0_placeholder\n","protected":false},"excerpt":{"rendered":"<p>Teodolitos con limbos electr\u00f3nicos y lectura digital en pantalla, generalmente con capacidad de registro digital en memoria electr\u00f3nica. Componente adecuado para las estaciones totales modulares.<\/p>\n","protected":false},"author":1,"featured_media":0,"parent":0,"menu_order":0,"comment_status":"closed","ping_status":"open","template":"page-templates\/full-width.php","meta":{"_monsterinsights_skip_tracking":false,"_monsterinsights_sitenote_active":false,"_monsterinsights_sitenote_note":"","_monsterinsights_sitenote_category":0,"ngg_post_thumbnail":0,"footnotes":""},"class_list":["post-36305","page","type-page","status-publish","hentry"],"_links":{"self":[{"href":"https:\/\/bancovalbu.topografia.upm.es\/index.php?rest_route=\/wp\/v2\/pages\/36305","targetHints":{"allow":["GET"]}}],"collection":[{"href":"https:\/\/bancovalbu.topografia.upm.es\/index.php?rest_route=\/wp\/v2\/pages"}],"about":[{"href":"https:\/\/bancovalbu.topografia.upm.es\/index.php?rest_route=\/wp\/v2\/types\/page"}],"author":[{"embeddable":true,"href":"https:\/\/bancovalbu.topografia.upm.es\/index.php?rest_route=\/wp\/v2\/users\/1"}],"replies":[{"embeddable":true,"href":"https:\/\/bancovalbu.topografia.upm.es\/index.php?rest_route=%2Fwp%2Fv2%2Fcomments&post=36305"}],"version-history":[{"count":2,"href":"https:\/\/bancovalbu.topografia.upm.es\/index.php?rest_route=\/wp\/v2\/pages\/36305\/revisions"}],"predecessor-version":[{"id":39208,"href":"https:\/\/bancovalbu.topografia.upm.es\/index.php?rest_route=\/wp\/v2\/pages\/36305\/revisions\/39208"}],"wp:attachment":[{"href":"https:\/\/bancovalbu.topografia.upm.es\/index.php?rest_route=%2Fwp%2Fv2%2Fmedia&parent=36305"}],"curies":[{"name":"wp","href":"https:\/\/api.w.org\/{rel}","templated":true}]}}